7, what is 1 - -16?
20
In base 16, what is -8 - a6?
-ae
In base 12, what is -4 + 204?
200
In base 8, what is -24 - -25?
1
In base 2, what is -101100 + 1?
-101011
In base 3, what is -10111 - -21?
-10020
In base 7, what is -3010 - 3?
-3013
In base 13, what is -ab - 10?
-bb
In base 16, what is 1f2 - -e?
200
In base 14, what is 0 + 30?
30
In base 7, what is 5 - -1062?
1100
In base 15, what is 7 - 0?
7
In base 15, what is 59 - -6?
60
In base 6, what is -5 + -124?
-133
In base 11, what is -232 - -17?
-216
In base 8, what is -33 + -2005?
-2040
In base 8, what is 5 + -17?
-12
In base 2, what is -1011010 - -1110?
-1001100
In base 7, what is 2513 + 5?
2521
In base 14, what is -2 - 209?
-20b
In base 9, what is -1003 - -1?
-1002
In base 3, what is 12 - 101?
-12
In base 15, what is 1d3 - 9?
1c9
In base 13, what is -7a - -5?
-75
In base 7, what is 110 + 2?
112
In base 15, what is -38d - 1?
-38e
In base 13, what is -a + c61?
c54
In base 11, what is -3114 - -1?
-3113
In base 13, what is 16a0 + -2?
169b
In base 4, what is -3 - 1313?
-1322
In base 15, what is 1 + -1ee?
-1ed
In base 13, what is a + 40?
4a
In base 7, what is 2 + -12?
-10
In base 6, what is 34200 + -3?
34153
In base 5, what is -1401 + 33?
-1313
In base 4, what is 22 - -112131?
112213
In base 8, what is -41 + 5?
-34
In base 2, what is -100 + 100001011?
100000111
In base 10, what is 36 - -5?
41
In base 9, what is 1508 - -13?
1522
In base 8, what is 0 - 102?
-102
In base 15, what is -1 - -9?
8
In base 5, what is -341 - 10?
-401
In base 13, what is aac + -4?
aa8
In base 2, what is -10110101011 - 0?
-10110101011
In base 5, what is -443 + -21?
-1014
In base 9, what is 3 + 18?
22
In base 14, what is -229 - 4?
-22d
In base 16, what is -5 - 699?
-69e
In base 7, what is -5 - 43?
-51
In base 8, what is 5 + 312?
317
In base 16, what is -1c6 + -4?
-1ca
In base 9, what is 12 + 48?
61
In base 4, what is -2113210 + 11?
-2113133
In base 8, what is 0 - 214?
-214
In base 4, what is -120 + -3?
-123
In base 14, what is -21 - 8?
-29
In base 9, what is -1 - -43?
42
In base 10, what is -2 + -33?
-35
In base 11, what is -a35 + 4?
-a31
In base 4, what is 22 + -2132?
-2110
In base 8, what is 2 + -130?
-126
In base 11, what is 4 - -213?
217
In base 16, what is -4 - -2b?
27
In base 9, what is -46 + 318?
262
In base 2, what is -100101000100100 - 10?
-100101000100110
In base 2, what is 10001000011101 - -11?
10001000100000
In base 16, what is 2 + 4c6?
4c8
In base 16, what is 185 - 2?
183
In base 10, what is -3 + 71?
68
In base 9, what is 735 - -5?
741
In base 11, what is 3 + 123?
126
In base 9, what is -2243 + 0?
-2243
In base 3, what is 21 + 100001?
100022
In base 12, what is 46 + -11?
35
In base 7, what is 3 - 1340?
-1334
In base 4, what is -213 + -202?
-1021
In base 14, what is -d - -4?
-9
In base 15, what is 3 - -1d?
21
In base 10, what is 18 + -9?
9
In base 10, what is 80 + 10?
90
In base 10, what is -108 - -14?
-94
In base 13, what is -3b2b + 3?
-3b28
In base 7, what is -3 + 403?
400
In base 16, what is -c + -11?
-1d
In base 12, what is 697 - -3?
69a
In base 7, what is 1 - -166?
200
In base 16, what is 16 + -3?
13
In base 2, what is 1 + -1001011?
-1001010
In base 6, what is -102 - -2?
-100
In base 14, what is -1 - -5a?
59
In base 2, what is -11000101 - 11?
-11001000
In base 7, what is 12133 + 1?
12134
In base 14, what is -ad + 6?
-a7
In base 13, what is 3 - a3?
-a0
In base 9, what is -86 - -11?
-75
In base 15, what is -8 + 150?
147
In base 8, what is 75 - -275?
372
In base 11, what is 8 - 32?
-25
In base 7, what is -102 - 663?
-1065
In base 14, what is -a - -2?
-8
In base 4, what is -201 + 20302?
20101
In base 10, what is 90 - -9?
99
In base 13, what is -b18 + 4?
-b14
In base 12, what is 64 + -10?
54
In base 4, what is -2 + 1010?
1002
In base 7, what is -3 + 1026?
1023
In base 4, what is 11002 - -100?
11102
In base 5, what is 42412 + 3?
42420
In base 16, what is 5d6 - -1?
5d7
In base 5, what is -10 - -214?
204
In base 8, what is -225 + 0?
-225
In base 16, what is a7f + 0?
a7f
In base 16, what is 4f - -1b?
6a
In base 6, what is -2 + 33?
31
In base 8, what is 1347 + 1?
1350
In base 11, what is 156 + -6?
150
In base 13, what is -9a + -a?
-a7
In base 5, what is -2 + 4132?
4130
In base 12, what is -43 + 12?
-31
In base 5, what is 30 + -10?
20
In base 3, what is -22120 - 20?
-22210
In base 16, what is 24 - 6f?
-4b
In base 8, what is 0 - -100?
100
In base 4, what is 20 - -21?
101
In base 6, what is -3 + -32?
-35
In base 6, what is 121 + 13?
134
In base 3, what is 201 + 1112222?
1120200
In base 15, what is -5 + 2?
-3
In base 12, what is -3 + 197?
194
In base 3, what is 1020 + 1?
1021
In base 11, what is -41 - 32?
-73
In base 4, what is -1310 + -3?
-1313
In base 3, what is -101211000 - -10?
-101210220
In base 9, what is -434 + 0?
-434
In base 5, what is 10 + 21322?
21332
In base 5, what is 120 + -2?
113
In base 11, what is 3 - -99?
a1
In base 5, what is -1 + -22004?
-22010
In base 12, what is 1 + -85?
-84
In base 15, what is 447 + -c?
43a
In base 8, what is 43 - -34?
77
In base 15, what is -166 - 3?
-169
In base 8, what is 7 + 1033?
1042
In base 10, what is -4598 + 1?
-4597
In base 3, what is -10100012 - 10?
-10100022
In base 11, what is 1 + a?
10
In base 4, what is 10 - -111?
121
In base 15, what is 10 + 2?
12
In base 9, what is -17 - 38?
-56
In base 11, what is -5 + 344?
33a
In base 9, what is -6 - 2531?
-2537
In base 7, what is 55 - -5?
63
In base 15, what is -3 - -1676?
1673
In base 16, what is -d + 8c?
7f
In base 10, what is 312 + 6?
318
In base 6, what is -3 + 142?
135
In base 11, what is -4 - -192?
189
In base 4, what is 1120 - -21?
1201
In base 8, what is -5 - -111?
104
In base 3, what is -11111 + -10?
-11121
In base 11, what is -3 + -10?
-13
In base 15, what is 72 - -33?
a5
In base 14, what is -6 + -1a3?
-1a9
In base 15, what is 194 + -4?
190
In base 2, what is -10100000 + 1?
-10011111
In base 8, what is -7 + -175?
-204
In base 7, what is 6010 + -6?
6001
In base 2, what is -11100001 - 100?
-11100101
In base 2, what is -100010 + 0?
-100010
In base 8, what is -50 + -7?
-57
In base 3, what is 1000211 + -1?
1000210
In base 12, what is 5 + -5?
0
In base 6, what is 501 + -25?
432
In base 12, what is -67 - -7?
-60
In base 5, what is -1 - -102?
101
In base 4, what is -2 - 10233?
-10301
In base 12, what is 101 + 8?
109
In base 15, what is -21 + 6?
-1a
In base 2, what is -110111011 - -100?
-110110111
In base 5, what is 4 + 11?
20
In base 2, what is 1 + -11011?
-11010
In base 4, what is -3000 - 100?
-3100
In base 14, what is 376 - -5?
37b
In base 14, what is -291 + -9?
-29a
In base 13, what is 5 + 801?
806
In base 13, what is 3 - 527?
-524
In base 16, what is 5 - -32b?
330
In base 2, what is -11000 - 101011110?
-101110110
In base 14, what is 0 + -71?
-71
In base 14, what is 28 - 4?
24
In base 16, what is 2 - -29?
2b
In base 9, what is 18 + 578?
607
In base 14, what is -75 - -3?
-72
In base 14, what is -57 + -90?
-107
In base 3, what is -12 - -12?
0
In base 10, what is -1 + 377?
376
In base 7, what is 4 - -2233?
2240
In base 5, what is -2 - -2333?
2331
In base 4, what is 2 - -131001?
131003
In base 10, what is 22 + 2?
24
In base 8, what is -27 - -143?
114
In base 14, what is 15 - 26?
-11
In base 6, what is -53 - 10?
-103
In base 7, what is -1451 + -14?
-1465
In base 8, what is -632 + -2?
-634
In base 16, what is -8 + -54?
-5c
In base 15, what is -2e - -3?
-2b
In base 16, what is 3 - -5b?
5e
In base 10, what is 4 - -83?
87
In base 13, what is 4 + -1500?
-14c9
In base 13, what is 45 - -bc?
134
In base 3, what is -10 - -1?
-2
In base 16, what is 3 - 33?
-30
In base 13, what is 461 - 3?
45b
In base 12, what is -2 - -3?
1
In base 14, what is 1817 - -5?
181c
In base 3, what is 21 + -12210?
-12112
In base 11, what is -2 - -1875?
1873
In base 3, what is 10 - -10121?
10201
In base 11, what is 2a + -16?
14
In base 7, what is -231 - 313?
-544
In base 5, what is 4 - 34?
-30
In base 7, what is -13 + -1360?
-1403
In base 8, what is -2 - 45?
-47
In base 14, what is -73 - -b?
-66
In base 16, what is -b2 + 2?
-b0
In base 9, what is 148 - -1?
150
In base 15, what is 3 - 225?
-222
In base 8, what is -6 - -30?
22
In base 11, what is 15 + 77?
91
In base 15, what is -246 + 3?
-243
In base 9, what is 166 - 37?
128
In base 3, what is -2200 - -1?
-2122
I